545 (base 10) to base 13.
-12365
What is 69570 (base 12) in base 3?
21011002210
Convert -14224422 (base 5) to base 2.
-100100010100000001
-294601 (base 11) to base 14
-bd878
Convert -a7e37e (base 16) to base 6.
-1031454354
Convert -50122 (base 12) to base 5.
-11310400
Convert 1113262 (base 7) to base 15.
2ad6d
What is 4005153 (base 8) in base 10?
1051243
-36d934 (base 15) to base 8
-12014360
Convert 11011010111110011 (base 2) to base 7.
644603
What is -301c87 (base 15) in base 16?
-22db27
98511a (base 11) to base 5
400322014
What is 202413243 (base 6) in base 12?
1201223
-230124002 (base 5) to base 6
-33512314
What is 1734355 (base 8) in base 9?
851205
-1632325 (base 7) to base 12
-ab12a
1531927 (base 10) to base 12
61a647
Convert -3975c2 (base 16) to base 14.
-7004a6
-16316a (base 11) to base 15
-4eec7
Convert -19062317 (base 10) to base 3.
-1022212110120202
431384 (base 9) to base 2
111110101110011111
Convert -122280a (base 13) to base 11.
-31a7679
Convert -1573399 (base 11) to base 15.
-3802cc
-1011001001001011 (base 2) to base 11
-31324
What is 1004608 (base 10) in base 5?
224121413
What is -1001110100100001010 (base 2) in base 3?
-121100102121
Convert -101045522 (base 7) to base 12.
-1b82a92
Convert 1033210333 (base 4) to base 13.
b5492
19b246 (base 14) to base 10
914206
2745051 (base 8) to base 3
1110020212122
What is -4947884 (base 10) in base 14?
-92b244
6027315 (base 8) to base 2
110000010111011001101
55991 (base 10) to base 11
39081
Convert -3456266 (base 10) to base 7.
-41243402
5dc67 (base 15) to base 3
120020020121
3523215 (base 7) to base 12
1943a3
What is 36c5cb (base 15) in base 6?
132122415
What is -5022072 (base 8) in base 13?
-372a80
What is 200102002012100 (base 3) in base 2?
100101010100101011110101
Convert 10423142 (base 5) to base 9.
150542
Convert 222001213 (base 4) to base 6.
3404531
9309b (base 15) to base 13
1340a2
Convert -9b096 (base 16) to base 15.
-c8255
-d61cea (base 16) to base 14
-1c13a54
576432 (base 9) to base 5
42032044
Convert 3233001300 (base 5) to base 2.
11010011001111101011011
1b18ba (base 16) to base 6
102021150
What is -1424456 (base 8) in base 12?
-1757a6
Convert -4096b (base 14) to base 11.
-a6935
-796363 (base 10) to base 3
-1111110101221
155997 (base 11) to base 9
408086
Convert -950477 (base 10) to base 15.
-13b952
What is -3100412 (base 6) in base 10?
-147896
What is -63620 (base 8) in base 14?
-993a
What is 880c56 (base 14) in base 12?
1665224
What is -10110001110101110 (base 2) in base 16?
-163ae
4ca166 (base 16) to base 8
23120546
-306330a (base 11) to base 13
-1174060
What is 11130345 (base 6) in base 14?
8b46d
-22256c (base 16) to base 6
-115544112
What is 1060754 (base 8) in base 4?
1012013230
Convert -50133323 (base 6) to base 11.
-884a41
286019 (base 10) to base 12
11962b
Convert -100111000000011101001 (base 2) to base 14.
-253b4d
Convert -14d8544 (base 14) to base 7.
-152504014
What is -100100101111110110010 (base 2) in base 15?
-18bbb6
-13226138 (base 9) to base 3
-110020220011022
-1cf15 (base 16) to base 7
-1002424
611135 (base 7) to base 16
194ed
Convert 557263 (base 9) to base 6.
11051220
Convert -403ca (base 14) to base 7.
-1212143
What is -21021120010022 (base 3) in base 4?
-32300203130
Convert 29b26b0 (base 13) to base 5.
11402034402
12d6 (base 16) to base 7
20026
Convert -21000102210120 (base 3) to base 13.
-a07232
-74541 (base 8) to base 10
-31073
-512002040 (base 6) to base 13
-1a81808
What is -76597 (base 15) in base 3?
-201002121221
What is -1001111011111011010 (base 2) in base 8?
-1173732
What is -113304041 (base 6) in base 5?
-1020424422
Convert 6456240 (base 8) to base 6.
101010212
What is 10011111111101110101001 (base 2) in base 9?
10768317
139cbc9 (base 14) to base 8
44251455
What is -1a5ab3d (base 14) in base 2?
-110010000101011100100011
What is 2233120322 (base 4) in base 3?
1100111110012
What is 1715281 (base 10) in base 16?
1a2c51
Convert 691b4 (base 12) to base 10.
140248
Convert 77139 (base 13) to base 10.
215523
-8261 (base 10) to base 11
-6230
Convert 23954 (base 10) to base 13.
ab98
What is -99507 (base 11) in base 9?
-240020
225020452 (base 6) to base 8
17663420
What is 303247 (base 8) in base 9?
162158
-134b4 (base 14) to base 5
-3010330
Convert -15256366 (base 7) to base 16.
-1645cc
What is 3a767b4 (base 12) in base 7?
200423542
Convert 1001002302 (base 5) to base 3.
10201001001210
What is -1233123112 (base 4) in base 16?
-6f6d6
What is -10130021320 (base 4) in base 11?
-7254a8
Convert -13852740 (base 9) to base 15.
-90ed00
Convert -217a42 (base 11) to base 3.
-122122102120
542700 (base 8) to base 10
181696
Convert 8137012 (base 11) to base 6.
1232205304
Convert -40551664 (base 7) to base 13.
-919561
Convert 1100100100100111001 (base 2) to base 10.
411961
3423213312 (base 5) to base 2
11101000111010111001100
Convert 22102022101001 (base 3) to base 14.
84673a
Convert -1113010341 (base 6) to base 15.
-110874a
What is 26450747 (base 8) in base 16?
5a51e7
What is 77351 (base 13) in base 8?
645507
Convert 1815276 (base 11) to base 12.
10473b2
Convert -22452315 (base 7) to base 13.
-539328
-4113770 (base 8) to base 10
-1087480
10320162 (base 9) to base 13
1051934
What is 1344303 (base 7) in base 5?
21213241
What is -20455033 (base 6) in base 12?
-24a479
Convert -1000110120 (base 3) to base 4.
-10320312
What is 139bd8 (base 14) in base 10?
680114
Convert -10043007 (base 8) to base 2.
-1000000100011000000111
What is -1168ab (base 14) in base 7?
-5024004
4789b (base 13) to base 7
1054140
Convert -aaa9 (base 13) to base 7.
-126246
Convert -1001100111011000111 (base 2) to base 14.
-82b79
Convert 47a044 (base 11) to base 5.
143310144
Convert -5264 (base 10) to base 5.
-132024
Convert -83339 (base 13) to base 10.
-235634
Convert -10000111111101110 (base 2) to base 12.
-34352
What is -3000344 (base 5) in base 11?
-32324
What is -9a5c77 (base 15) in base 5?
-3341012222
What is 106313 (base 11) in base 16?
295c6
-10103540 (base 6) to base 5
-33213224
-210212245 (base 6) to base 2
-1101111100101101100101
What is -100000010110000 (base 2) in base 5?
-1012220
-96a (base 16) to base 7
-10012
-376120 (base 12) to base 2
-11011100010000101000
1b1ac03 (base 13) to base 14
129488a
What is -99488 (base 10) in base 14?
-28384
-305260 (base 8) to base 2
-11000101010110000
What is 1e1dfc (base 16) in base 7?
22530251
112301220 (base 4) to base 6
1555520
1014aa (base 11) to base 5
20203421
Convert 2130323300 (base 4) to base 6.
21435532
-1410104003 (base 5) to base 12
-1255996
What is 2119593 (base 11) in base 12?
12bb524
What is -100202002010 (base 3) in base 14?
-4dc6c
1204340 (base 8) to base 6
11023320
What is 11011001011110100 (base 2) in base 14?
2c816
205605 (base 10) to base 5
23034410
88476 (base 10) to base 12
43250
What is 28747 (base 9) in base 5?
1111224
Convert 1065d6b (base 15) to base 6.
1055024432
What is -7708748 (base 10) in base 6?
-433120352
What is -420150 (base 10) in base 2?
-1100110100100110110
What is -562a46 (base 15) in base 2?
-1111101011010101111011
What is -6507337 (base 11) in base 8?
-53520165
132542031 (base 6) to base 3
12000000001201
What is -6ca26d (base 14) in base 9?
-6883178
197549 (base 10) to base 8
601655
Convert 203020323 (base 4) to base 5.
14101211
112222022001 (base 3) to base 13
a41ca
Convert 37183 (base 15) to base 2.
101010111011101000
What is -32a26 (base 13) in base 8?
-263227
What is 101011000000110100010 (base 2) in base 8?
5300642
What is 1010010111111100001011 (base 2) in base 11?
1598222
Convert -55533201 (base 7) to base 5.
-2212021301
Convert -42456450 (base 7) to base 4.
-31301211300
What is 2336322 (base 8) in base 15?
c9142
Convert 131532423 (base 6) to base 11.
1522568
Convert -1022220222111122 (base 3) to base 7.
-321165146
-475a90 (base 13) to base 14
-322a9d
133006 (base 16) to base 4
10303000012
What is 22118687 (base 9) in base 3?
202010122202221
-1001010001011001101 (base 2) to base 14
-7ca17
What is 3522111 (base 6) in base 9?
306477
What is -b20d (base 16) in base 4?
-23020031
Convert -1141205 (base 8) to base 7.
-2436310
-4440335 (base 9) to base 2
-1001000111000111111111
Convert -111010000100001 (base 2) to base 11.
-20377
What is -30563505 (base 8) in base 14?
-c0a20d
Convert -10010010001110101 (base 2) to b